1 - -3?
-778e
In base 11, what is 30216 + 2?
30218
In base 15, what is 4 + 4e66?
4e6a
In base 12, what is 0 + -15926?
-15926
In base 3, what is 10122 + 1002221?
1020120
In base 6, what is -21434 - 522?
-22400
In base 4, what is 22 - -3101101?
3101123
In base 4, what is 2003020 + 30323?
2100003
In base 8, what is 623 - -333?
1156
In base 2, what is -111001101000 - 0?
-111001101000
In base 9, what is -21 - -3065?
3044
In base 4, what is -11 - -213333202?
213333131
In base 10, what is 72 + -3261?
-3189
In base 16, what is -381 - -ae?
-2d3
In base 6, what is 1135 + 1311?
2450
In base 12, what is -aa889 - -5?
-aa884
In base 2, what is -1010 - 101001011011?
-101001100101
In base 7, what is 1532 + -3125?
-1263
In base 9, what is -8 + 18054?
18045
In base 6, what is -11213550 + -3?
-11213553
In base 15, what is -32 - 48c?
-4be
In base 8, what is -34772 - -52?
-34720
In base 13, what is -1 - -133a1?
133a0
In base 12, what is 9 - 31?
-24
In base 3, what is -11021020201 + 210?
-11021012221
In base 9, what is 228815 - -2?
228817
In base 10, what is 4 - -38721?
38725
In base 7, what is -45 - 610624?
-611002
In base 7, what is 1541 - 401?
1140
In base 8, what is 1 + -174537?
-174536
In base 11, what is -8 - 454a?
-4557
In base 8, what is -1241 - 12623?
-14064
In base 16, what is 7745 - -4?
7749
In base 13, what is 6cc30 - -3?
6cc33
In base 14, what is -2a7 - -23?
-284
In base 4, what is -110003000 + 131?
-110002203
In base 9, what is -1 + -14281?
-14282
In base 10, what is -2 - 49790?
-49792
In base 7, what is 262614 - -2?
262616
In base 5, what is 3342 - 243?
3044
In base 11, what is 7 - -74054?
74060
In base 5, what is -33 - -340410?
340322
In base 7, what is 123105 + 105?
123213
In base 15, what is 34a682 + -3?
34a67e
In base 8, what is -21 - -2664?
2643
In base 16, what is -38a2b2 - 1?
-38a2b3
In base 14, what is -57b7 - 44?
-581b
In base 10, what is -29 - -3127?
3098
In base 10, what is -6 + -299830?
-299836
In base 2, what is 111100 - -1001001?
10000101
In base 9, what is -23 - -4378?
4355
In base 3, what is 11 + 20201200211?
20201200222
In base 3, what is -1010111022 + 10?
-1010111012
In base 16, what is -4d6d + 8a?
-4ce3
In base 15, what is 0 + 197ce?
197ce
In base 8, what is 175 + 1735?
2132
In base 8, what is 735006 + 0?
735006
In base 16, what is -410 - be9?
-ff9
In base 5, what is -12441010 - -2?
-12441003
In base 10, what is -3 + 40954?
40951
In base 10, what is 30011 - -9?
30020
In base 3, what is -1110200000021 + 11?
-1110200000010
In base 10, what is 3357 - -13?
3370
In base 16, what is -b80 - 0?
-b80
In base 15, what is -117 - 49?
-161
In base 16, what is 2b3b4 - 2?
2b3b2
In base 9, what is -513 - -70?
-433
In base 16, what is 641 - ca?
577
In base 12, what is -465 - -30?
-435
In base 10, what is 19 + -2867?
-2848
In base 2, what is -10 - -101011000010?
101011000000
In base 13, what is -9 + -1600?
-1609
In base 8, what is 5 - -10351?
10356
In base 11, what is -3252 + 2?
-3250
In base 9, what is 22684 - -36?
22731
In base 5, what is 421002320 + -1?
421002314
In base 8, what is -12 + 2132?
2120
In base 10, what is -2 - 739012?
-739014
In base 11, what is 3 - -259548?
259550
In base 2, what is -110000 - 11001011000000?
-11001011110000
In base 15, what is -5 - 254282?
-254287
In base 3, what is 122101100 + -1?
122101022
In base 6, what is -220 + -1011?
-1231
In base 7, what is 463 + 2021?
2514
In base 4, what is -2323000 - 32?
-2323032
In base 6, what is 22115200 + -2?
22115154
In base 10, what is -20 + -781?
-801
In base 8, what is 51 - -62?
133
In base 2, what is 100 - -1000001110011?
1000001110111
In base 3, what is 1122120 + 12010?
1211200
In base 13, what is 4 + 78850?
78854
In base 16, what is 52dc - 14?
52c8
In base 5, what is -143431 + 103?
-143323
In base 6, what is 140 - -4214?
4354
In base 6, what is 5 - -14400100?
14400105
In base 14, what is 68 - 306?
-27c
In base 4, what is 10 + -1301121211?
-1301121201
In base 10, what is 3 - -3830?
3833
In base 6, what is 0 - -1432?
1432
In base 8, what is 52 - -2213?
2265
In base 11, what is 27 - 51a4?
-5178
In base 15, what is -e8 + e?
-d9
In base 6, what is -100523 + 355?
-100124
In base 2, what is 10100100001110000 - -1?
10100100001110001
In base 12, what is 15a8 + 15?
1601
In base 7, what is 2 - -332230?
332232
In base 7, what is -4442546 - -4?
-4442542
In base 5, what is 2103 + -1130?
423
In base 2, what is 1010110 + 100101010100?
100110101010
In base 4, what is -1032 - -13013?
11321
In base 11, what is 16 - 88290?
-88275
In base 13, what is 660 - -84?
714
In base 9, what is -58380 - 1?
-58381
In base 12, what is 5 + -75b7?
-75b2
In base 5, what is 1023041 + 20?
1023111
In base 4, what is -1101033 - 1201?
-1102300
In base 15, what is 69c4b + 1?
69c4c
In base 5, what is -3 - -1124200?
1124142
In base 7, what is -123030 + -5?
-123035
In base 10, what is 1201 - 247?
954
In base 11, what is 1 - -92884?
92885
In base 7, what is 101 + -31320?
-31216
In base 8, what is -20 - 20151?
-20171
In base 6, what is -5100 + 2532?
-2124
In base 3, what is -2 + -20202221?
-20210000
In base 14, what is b3b - 2bd?
85c
In base 13, what is 4 + -15c82?
-15c7b
In base 10, what is 1 - 6851?
-6850
In base 3, what is -1 + -12020120?
-12020121
In base 9, what is -306 + 1044?
637
In base 16, what is 150 + 1a0?
2f0
In base 7, what is 1334660 + 0?
1334660
In base 12, what is -2 + 1b94?
1b92
In base 3, what is -1001 + 111221112?
111220111
In base 6, what is -25241232 - 0?
-25241232
In base 16, what is -7a8 + -59?
-801
In base 13, what is 1150 - 3?
114a
In base 16, what is 5e9 + 223?
80c
In base 4, what is -1230312330 + 20?
-1230312310
In base 6, what is -411 - 31245?
-32100
In base 12, what is 85a75 - 7?
85a6a
In base 5, what is 1221334241 - 2?
1221334234
In base 3, what is -110220212 + -2?
-110220221
In base 13, what is 17b + -1194?
-1016
In base 14, what is 2 + 1198c?
11990
In base 13, what is -99 + -2a0?
-369
In base 12, what is -6 + 137b8?
137b2
In base 15, what is 146 - -253?
399
In base 5, what is -11303 + -1403?
-13211
In base 12, what is 1 + 8a27?
8a28
In base 2, what is 1000100 - -10000101100101?
10000110101001
In base 7, what is 6 + -125045?
-125036
In base 4, what is -20030 - 1213?
-21303
In base 4, what is -22210300 - 212?
-22211112
In base 2, what is -11 + -1010110001011011?
-1010110001011110
In base 10, what is 433 + -44?
389
In base 3, what is 22011 + -2010?
20001
In base 11, what is 8 + -92a?
-922
In base 16, what is 2d37 + 13?
2d4a
In base 2, what is -110000001100001100100 + 10?
-110000001100001100010
In base 5, what is -10 + -202033?
-202043
In base 4, what is -1303 + 20000?
12031
In base 8, what is 6464 + 31?
6515
In base 12, what is 3 + -4a447?
-4a444
In base 12, what is b7 + 148?
243
In base 6, what is -22 - -153502?
153440
In base 9, what is 25 + 5342?
5367
In base 10, what is 30360 - -11?
30371
In base 3, what is 102010001 - -11?
102010012
In base 3, what is -1211101 + -10022?
-1221200
In base 10, what is 23 - -6936?
6959
In base 5, what is 220132 - 13?
220114
In base 7, what is -106 + -653?
-1062
In base 7, what is -13554 + -1?
-13555
In base 11, what is 522 + -94?
439
In base 3, what is 12 - -221012011?
221012100
In base 9, what is 578 + -10?
568
In base 5, what is 44 - -1002144?
1002243
In base 5, what is 22 - -4132221?
4132243
In base 8, what is 3425026 + -3?
3425023
In base 5, what is -2320010 - 0?
-2320010
In base 7, what is -6 + 26103?
26064
In base 11, what is -2 + 59597?
59595
In base 6, what is 35324 - -14?
35342
In base 4, what is 10 + 10112223?
10112233
In base 3, what is -20200110101 + -101?
-20200110202
In base 14, what is ca7 + 111?
db8
In base 12, what is -1b5 - -3a?
-177
In base 3, what is -201 - -1010022211?
1010022010
In base 11, what is 3 + -2721?
-2719
In base 15, what is -19 - -b4?
9a
In base 9, what is 173 - 567?
-384
In base 6, what is 10 + 2313050?
2313100
In base 11, what is -76 + -71?
-137
In base 10, what is 18 - -4252?
4270
In base 16, what is 0 + 23ec?
23ec
In base 5, what is -301230100 + 4?
-301230041
In base 11, what is -148340 + 1?
-14833a
In base 9, what is -5071 + 253?
-4717
In base 4, what is 1 - 20003332112?
-20003332111
In base 16, what is 0 + 286d?
286d
In base 6, what is -4512 + 141?
-4331
In base 16, what is 2 - 42ca?
-42c8
In base 5, what is -1002024 -